 of 525?
5
What is the hundreds digit of 8865?
8
What is the units digit of 6524?
4
What is the units digit of 89489?
9
What is the tens digit of 883?
8
What is the ten thousands digit of 53505?
5
What is the tens digit of 4595?
9
What is the hundreds digit of 6693?
6
What is the units digit of 15778?
8
What is the thousands digit of 20862?
0
What is the ten thousands digit of 33739?
3
What is the tens digit of 33511?
1
What is the hundreds digit of 56385?
3
What is the thousands digit of 1421?
1
What is the tens digit of 3440?
4
What is the units digit of 42778?
8
What is the tens digit of 2175?
7
What is the hundreds digit of 2501?
5
What is the ten thousands digit of 15675?
1
What is the tens digit of 11374?
7
What is the thousands digit of 3650?
3
What is the tens digit of 2667?
6
What is the hundreds digit of 3448?
4
What is the tens digit of 5753?
5
What is the hundreds digit of 1039?
0
What is the units digit of 4142?
2
What is the hundreds digit of 1933?
9
What is the units digit of 1209?
9
What is the tens digit of 44927?
2
What is the tens digit of 9482?
8
What is the hundreds digit of 5021?
0
What is the ten thousands digit of 82109?
8
What is the hundreds digit of 23466?
4
What is the units digit of 21437?
7
What is the units digit of 15747?
7
What is the units digit of 487?
7
What is the units digit of 14035?
5
What is the tens digit of 1984?
8
What is the hundreds digit of 533?
5
What is the tens digit of 17165?
6
What is the hundreds digit of 207?
2
What is the thousands digit of 1224?
1
What is the units digit of 30?
0
What is the thousands digit of 11406?
1
What is the units digit of 12703?
3
What is the ten thousands digit of 25339?
2
What is the thousands digit of 17664?
7
What is the hundred thousands digit of 124492?
1
What is the hundreds digit of 889?
8
What is the tens digit of 11038?
3
What is the units digit of 1070?
0
What is the thousands digit of 1502?
1
What is the hundreds digit of 4070?
0
What is the tens digit of 3169?
6
What is the hundreds digit of 2379?
3
What is the ten thousands digit of 14124?
1
What is the tens digit of 9933?
3
What is the ten thousands digit of 86577?
8
What is the tens digit of 170?
7
What is the units digit of 2647?
7
What is the tens digit of 15405?
0
What is the tens digit of 35039?
3
What is the ten thousands digit of 45563?
4
What is the tens digit of 7290?
9
What is the thousands digit of 24675?
4
What is the hundred thousands digit of 107937?
1
What is the units digit of 13159?
9
What is the units digit of 2494?
4
What is the tens digit of 6375?
7
What is the hundreds digit of 946?
9
What is the thousands digit of 1744?
1
What is the units digit of 75667?
7
What is the hundreds digit of 2041?
0
What is the ten thousands digit of 60091?
6
What is the tens digit of 411?
1
What is the hundreds digit of 145506?
5
What is the units digit of 6654?
4
What is the tens digit of 1660?
6
What is the hundreds digit of 19126?
1
What is the hundreds digit of 16098?
0
What is the units digit of 3040?
0
What is the tens digit of 693?
9
What is the tens digit of 2150?
5
What is the units digit of 8244?
4
What is the tens digit of 1216?
1
What is the thousands digit of 11438?
1
What is the units digit of 3396?
6
What is the tens digit of 15927?
2
What is the tens digit of 1503?
0
What is the tens digit of 363?
6
What is the ten thousands digit of 94964?
9
What is the hundred thousands digit of 123171?
1
What is the tens digit of 2881?
8
What is the tens digit of 1171?
7
What is the tens digit of 2036?
3
What is the tens digit of 512?
1
What is the units digit of 3310?
0
What is the units digit of 6351?
1
What is the hundreds digit of 21076?
0
What is the units digit of 3492?
2
What is the units digit of 65826?
6
What is the ten thousands digit of 25927?
2
What is the hundreds digit of 648?
6
What is the units digit of 8565?
5
What is the hundreds digit of 5049?
0
What is the thousands digit of 3239?
3
What is the units digit of 10582?
2
What is the tens digit of 1534?
3
What is the hundreds digit of 42091?
0
What is the tens digit of 2003?
0
What is the hundreds digit of 3804?
8
What is the thousands digit of 11214?
1
What is the thousands digit of 34087?
4
What is the thousands digit of 3182?
3
What is the ten thousands digit of 28861?
2
What is the tens digit of 950?
5
What is the thousands digit of 2759?
2
What is the tens digit of 7519?
1
What is the hundreds digit of 58819?
8
What is the tens digit of 860?
6
What is the ten thousands digit of 13608?
1
What is the tens digit of 517?
1
What is the hundreds digit of 7274?
2
What is the units digit of 557?
7
What is the hundreds digit of 3526?
5
What is the units digit of 583?
3
What is the units digit of 1843?
3
What is the thousands digit of 3293?
3
What is the units digit of 4956?
6
What is the thousands digit of 63193?
3
What is the tens digit of 1177?
7
What is the tens digit of 1055?
5
What is the tens digit of 4735?
3
What is the hundreds digit of 421?
4
What is the units digit of 91048?
8
What is the thousands digit of 4859?
4
What is the units digit of 960?
0
What is the hundreds digit of 128329?
3
What is the hundreds digit of 113?
1
What is the thousands digit of 26918?
6
What is the tens digit of 11428?
2
What is the units digit of 253?
3
What is the hundreds digit of 9843?
8
What is the hundreds digit of 36406?
4
What is the tens digit of 4534?
3
What is the tens digit of 774?
7
What is the thousands digit of 8544?
8
What is the ten thousands digit of 54323?
5
What is the units digit of 23?
3
What is the hundreds digit of 31103?
1
What is the thousands digit of 29967?
9
What is the tens digit of 150?
5
What is the hundreds digit of 482?
4
What is the units digit of 13138?
8
What is the tens digit of 4095?
9
What is the tens digit of 6184?
8
What is the hundreds digit of 260?
2
What is the thousands digit of 34354?
4
What is the units digit of 918?
8
What is the thousands digit of 5454?
5
What is the hundreds digit of 685?
6
What is the tens digit of 45101?
0
What is the tens digit of 1649?
4
What is the tens digit of 2249?
4
What is the units digit of 13700?
0
What is the units digit of 1545?
5
What is the tens digit of 1073?
7
What is the hundreds digit of 530?
5
What is the units digit of 175?
5
What is the tens digit of 4239?
3
What is the tens digit of 26117?
1
What is the hundreds digit of 46934?
9
What is the tens digit of 1597?
9
What is the thousands digit of 28262?
8
What is the hundreds digit of 37065?
0
What is the tens digit of 8443?
4
What is the hundred thousands digit of 130361?
1
What is the hundreds digit of 5746?
7
What is the thousands digit of 115817?
5
What is the ten thousands digit of 63345?
6
What is the hundreds digit of 356?
3
What is the thousands digit of 59552?
9
What is the thousands digit of 4964?
4
What is the thousands digit of 76247?
6
What is the tens digit of 2101?
0
What is the hundreds digit of 786?
7
What is the tens digit of 3259?
5
What is the thousands digit of 46510?
6
What is the ten thousands digit of 21176?
2
What is the units digit of 522?
2
What is the hundreds digit of 6354?
3
What is the tens digit of 35?
3
What is the units digit of 99416?
6
What is the ten thousands digit of 134659?
3
What is the hundreds digit of 52223?
2
What is the hundreds digit of 804?
8
What is the tens digit of 6705?
0
What is the units digit of 140?
0
What is the hundreds digit of 17086?
0
What is the tens digit of 587?
8
What is the ten thousands digit of 78972?
7
What is the units digit of 1151?
1
What is the hundreds digit of 20460?
4
What is the thousands digit of 2250?
2
What is the units digit of 12352?
2
What is the ten thousands digit of 19899?
1
What is the units digit of 118?
8
What is the thousands digit of 142204?
2
What is the thousands digit of 3729?
3
What is the tens digit of 3154?
5
What is the thousands digit of 6670?
6
What is the thousands digit of 12736?
2
What is the thousands digit of 9511?
9
What is the thousands digit of 25816?
5
What is the units digit of 2229?
9
What is the ten thousands digit of 90548?
9
What is the ten thousands digit of 33367?
3
What is the tens digit of 1144?
4
What is the thousands digit of 26111?
6
What is the tens digit of 30703?
0
What is the thousand